{"id":1390,"date":"2023-10-19T06:21:53","date_gmt":"2023-10-19T06:21:53","guid":{"rendered":"https:\/\/www.bordercolliepagina.nl\/?page_id=1390"},"modified":"2025-05-03T13:55:09","modified_gmt":"2025-05-03T13:55:09","slug":"clubs","status":"publish","type":"page","link":"https:\/\/vh2014zjvas-2.hosting-space.nl\/?page_id=1390","title":{"rendered":"Gezondheidsonderzoeken"},"content":{"rendered":"\t\t<div data-elementor-type=\"wp-page\" data-elementor-id=\"1390\" class=\"elementor elementor-1390\" data-elementor-post-type=\"page\">\n\t\t\t\t<div class=\"elementor-element elementor-element-un7nuye e-flex e-con-boxed e-con e-parent\" data-id=\"un7nuye\" data-element_type=\"container\" data-e-type=\"container\" data-settings=\"{&quot;background_background&quot;:&quot;classic&quot;}\">\n\t\t\t\t\t<div class=\"e-con-inner\">\n\t\t<div class=\"elementor-element elementor-element-8f73ee5 e-flex e-con-boxed e-con e-child\" data-id=\"8f73ee5\" data-element_type=\"container\" data-e-type=\"container\">\n\t\t\t\t\t<div class=\"e-con-inner\">\n\t\t\t\t<div class=\"elementor-element elementor-element-93873aa elementor-invisible elementor-widget elementor-widget-heading\" data-id=\"93873aa\" data-element_type=\"widget\" data-e-type=\"widget\" data-settings=\"{&quot;_animation&quot;:&quot;fadeInDown&quot;}\" data-widget_type=\"heading.default\">\n\t\t\t\t<div class=\"elementor-widget-container\">\n\t\t\t\t\t<h1 class=\"elementor-heading-title elementor-size-default\">Gezondheidsonderzoeken<\/h1>\t\t\t\t<\/div>\n\t\t\t\t<\/div>\n\t\t\t\t\t<\/div>\n\t\t\t\t<\/div>\n\t\t\t\t\t<\/div>\n\t\t\t\t<\/div>\n\t\t<div class=\"elementor-element elementor-element-ci03oq9 e-flex e-con-boxed e-con e-parent\" data-id=\"ci03oq9\" data-element_type=\"container\" data-e-type=\"container\">\n\t\t\t\t\t<div class=\"e-con-inner\">\n\t\t<div class=\"elementor-element elementor-element-f6f7e27 e-flex e-con-boxed e-con e-child\" data-id=\"f6f7e27\" data-element_type=\"container\" data-e-type=\"container\">\n\t\t\t\t\t<div class=\"e-con-inner\">\n\t\t\t\t<div class=\"elementor-element elementor-element-d16f5b6 elementor-widget elementor-widget-heading\" data-id=\"d16f5b6\" data-element_type=\"widget\" data-e-type=\"widget\" data-widget_type=\"heading.default\">\n\t\t\t\t<div class=\"elementor-widget-container\">\n\t\t\t\t\t<h2 class=\"elementor-heading-title elementor-size-default\">Preventieve Gezondheidsonderzoeken <\/h2>\t\t\t\t<\/div>\n\t\t\t\t<\/div>\n\t\t\t\t<div class=\"elementor-element elementor-element-49160ad elementor-widget-divider--view-line elementor-widget elementor-widget-divider\" data-id=\"49160ad\" data-element_type=\"widget\" data-e-type=\"widget\" data-widget_type=\"divider.default\">\n\t\t\t\t<div class=\"elementor-widget-container\">\n\t\t\t\t\t\t\t<div class=\"elementor-divider\">\n\t\t\t<span class=\"elementor-divider-separator\">\n\t\t\t\t\t\t<\/span>\n\t\t<\/div>\n\t\t\t\t\t\t<\/div>\n\t\t\t\t<\/div>\n\t\t\t\t\t<\/div>\n\t\t\t\t<\/div>\n\t\t\t\t\t<\/div>\n\t\t\t\t<\/div>\n\t\t<div class=\"elementor-element elementor-element-9eca75a e-flex e-con-boxed e-con e-parent\" data-id=\"9eca75a\" data-element_type=\"container\" data-e-type=\"container\">\n\t\t\t\t\t<div class=\"e-con-inner\">\n\t\t<div class=\"elementor-element elementor-element-c5eb4da e-con-full e-flex e-con e-child\" data-id=\"c5eb4da\" data-element_type=\"container\" data-e-type=\"container\">\n\t\t\t\t<div class=\"elementor-element elementor-element-cc3aa77 elementor-widget elementor-widget-image\" data-id=\"cc3aa77\" data-element_type=\"widget\" data-e-type=\"widget\" data-widget_type=\"image.default\">\n\t\t\t\t<div class=\"elementor-widget-container\">\n\t\t\t\t\t\t\t\t\t\t\t\t\t\t\t<img fetchpriority=\"high\" decoding=\"async\" width=\"768\" height=\"576\" src=\"https:\/\/bordercolliepagina.nl\/wp-content\/uploads\/2024\/01\/IMG_7451-768x576.jpeg\" class=\"attachment-medium_large size-medium_large wp-image-2367\" alt=\"\" srcset=\"https:\/\/bordercolliepagina.nl\/wp-content\/uploads\/2024\/01\/IMG_7451-768x576.jpeg 768w, https:\/\/bordercolliepagina.nl\/wp-content\/uploads\/2024\/01\/IMG_7451-300x225.jpeg 300w, https:\/\/bordercolliepagina.nl\/wp-content\/uploads\/2024\/01\/IMG_7451-1024x768.jpeg 1024w, https:\/\/bordercolliepagina.nl\/wp-content\/uploads\/2024\/01\/IMG_7451-1536x1152.jpeg 1536w, https:\/\/bordercolliepagina.nl\/wp-content\/uploads\/2024\/01\/IMG_7451-2048x1536.jpeg 2048w\" sizes=\"(max-width: 768px) 100vw, 768px\" \/>\t\t\t\t\t\t\t\t\t\t\t\t\t\t\t<\/div>\n\t\t\t\t<\/div>\n\t\t\t\t<\/div>\n\t\t<div class=\"elementor-element elementor-element-4257d43 e-con-full e-flex e-con e-child\" data-id=\"4257d43\" data-element_type=\"container\" data-e-type=\"container\">\n\t\t\t\t<div class=\"elementor-element elementor-element-cc16a37 elementor-widget elementor-widget-text-editor\" data-id=\"cc16a37\" data-element_type=\"widget\" data-e-type=\"widget\" data-widget_type=\"text-editor.default\">\n\t\t\t\t<div class=\"elementor-widget-container\">\n\t\t\t\t\t\t\t\t\t<p>Het ECVO-oogonderzoek is een waardevol instrument om de ooggezondheid van honden te bewaken. Door regelmatig dit onderzoek uit te voeren, kunnen fokkers en eigenaren bijdragen aan het behoud van de visuele kwaliteit van hun viervoetige metgezellen. Het biedt inzicht, geruststelling en de mogelijkheid om preventief te handelen, waardoor de ogen de spiegels van gezondheid blijven.<\/p>\t\t\t\t\t\t\t\t<\/div>\n\t\t\t\t<\/div>\n\t\t\t\t<\/div>\n\t\t\t\t\t<\/div>\n\t\t\t\t<\/div>\n\t\t<div class=\"elementor-element elementor-element-ea663b6 e-flex e-con-boxed e-con e-parent\" data-id=\"ea663b6\" data-element_type=\"container\" data-e-type=\"container\">\n\t\t\t\t\t<div class=\"e-con-inner\">\n\t\t\t\t\t<\/div>\n\t\t\t\t<\/div>\n\t\t<div class=\"elementor-element elementor-element-c976875 e-flex e-con-boxed e-con e-parent\" data-id=\"c976875\" data-element_type=\"container\" data-e-type=\"container\">\n\t\t\t\t\t<div class=\"e-con-inner\">\n\t\t<div class=\"elementor-element elementor-element-b68718a e-con-full e-flex e-con e-child\" data-id=\"b68718a\" data-element_type=\"container\" data-e-type=\"container\">\n\t\t\t\t<div class=\"elementor-element elementor-element-857f4a6 elementor-widget elementor-widget-text-editor\" data-id=\"857f4a6\" data-element_type=\"widget\" data-e-type=\"widget\" data-widget_type=\"text-editor.default\">\n\t\t\t\t<div class=\"elementor-widget-container\">\n\t\t\t\t\t\t\t\t\t<p style=\"font-weight: 400;\"><strong>Heupdysplasie (HD)<\/strong> is een ontwikkelingsstoornis van de heupgewrichten. Het kan erfelijk zijn, maar omgevingsfactoren spelen ook een rol bij de ontwikkeling. Een hond kan veel last hebben van HD, maar dat hoeft niet. Aan de buitenkant kun je niet zien of een hond HD heeft, dus als je hond goed kan lopen, hoeft dat nog niet te zeggen dat zijn heupen perfect zijn. Om echt te kunnen zien of je hond HD heeft, zijn (digitale) r\u00f6ntgenfoto\u2019s van zijn heupen nodig.<\/p><p style=\"font-weight: 400;\"><strong>Een offici\u00eble heupfoto is verplicht door de\u00a0<\/strong><a href=\"https:\/\/www.houdenvanhonden.nl\/kopen-verzorgen-en-opvoeden-van-je-hond\/stamboom-en-registratie-van-je-hond\/nederlands-honden-stamboek\/\" target=\"_blank\" rel=\"noopener\">rasvereniging en de Raad van Beheer<\/a>\u00a0(eenmalig) vanaf de leeftijd van \u00e9\u00e9n jaar. Alleen een hond met een NHSB-stamboom worden de foto\u2019s beoordeeld door de Raad van Beheer en krijgen honden met een stamboom een offici\u00eble uitslag met daarbij behorende certificaat van de Raad van Beheer.\u00a0\u00a0<br \/><span style=\"font-style: inherit; text-align: var(--text-align); background-color: var(--ast-global-color-5); color: var(--ast-global-color-3);\"><br \/>Let op! Honden die niet in het bezit zijn van een NHSB-stamboom krijgen geen offici\u00eble uitslag en certificaat en kunnen alleen door eigen dierenarts worden beoordeeld.<\/span><\/p><p style=\"font-weight: 400;\">\u00a0<\/p>\t\t\t\t\t\t\t\t<\/div>\n\t\t\t\t<\/div>\n\t\t\t\t<\/div>\n\t\t<div class=\"elementor-element elementor-element-5c27a44 e-con-full e-flex e-con e-child\" data-id=\"5c27a44\" data-element_type=\"container\" data-e-type=\"container\">\n\t\t\t\t<div class=\"elementor-element elementor-element-7e87cfc elementor-widget elementor-widget-image\" data-id=\"7e87cfc\" data-element_type=\"widget\" data-e-type=\"widget\" data-widget_type=\"image.default\">\n\t\t\t\t<div class=\"elementor-widget-container\">\n\t\t\t\t\t\t\t\t\t\t\t\t\t\t\t<img decoding=\"async\" width=\"842\" height=\"1024\" src=\"https:\/\/bordercolliepagina.nl\/wp-content\/uploads\/2024\/01\/Unknown-842x1024.jpeg\" class=\"attachment-large size-large wp-image-3186\" alt=\"\" srcset=\"https:\/\/bordercolliepagina.nl\/wp-content\/uploads\/2024\/01\/Unknown-842x1024.jpeg 842w, https:\/\/bordercolliepagina.nl\/wp-content\/uploads\/2024\/01\/Unknown-247x300.jpeg 247w, https:\/\/bordercolliepagina.nl\/wp-content\/uploads\/2024\/01\/Unknown-768x934.jpeg 768w, https:\/\/bordercolliepagina.nl\/wp-content\/uploads\/2024\/01\/Unknown.jpeg 1034w\" sizes=\"(max-width: 842px) 100vw, 842px\" \/>\t\t\t\t\t\t\t\t\t\t\t\t\t\t\t<\/div>\n\t\t\t\t<\/div>\n\t\t\t\t<\/div>\n\t\t\t\t\t<\/div>\n\t\t\t\t<\/div>\n\t\t<div class=\"elementor-element elementor-element-7d0cae6 e-flex e-con-boxed e-con e-parent\" data-id=\"7d0cae6\" data-element_type=\"container\" data-e-type=\"container\">\n\t\t\t\t\t<div class=\"e-con-inner\">\n\t\t\t\t<div class=\"elementor-element elementor-element-ff9f4a3 elementor-widget elementor-widget-heading\" data-id=\"ff9f4a3\" data-element_type=\"widget\" data-e-type=\"widget\" data-widget_type=\"heading.default\">\n\t\t\t\t<div class=\"elementor-widget-container\">\n\t\t\t\t\t<h2 class=\"elementor-heading-title elementor-size-default\">Verschillende HD uitslagen<\/h2>\t\t\t\t<\/div>\n\t\t\t\t<\/div>\n\t\t\t\t\t<\/div>\n\t\t\t\t<\/div>\n\t\t<div class=\"elementor-element elementor-element-efccdc9 e-flex e-con-boxed e-con e-parent\" data-id=\"efccdc9\" data-element_type=\"container\" data-e-type=\"container\">\n\t\t\t\t\t<div class=\"e-con-inner\">\n\t\t\t\t\t<\/div>\n\t\t\t\t<\/div>\n\t\t<div class=\"elementor-element elementor-element-97ed1bf e-flex e-con-boxed e-con e-parent\" data-id=\"97ed1bf\" data-element_type=\"container\" data-e-type=\"container\">\n\t\t\t\t\t<div class=\"e-con-inner\">\n\t\t\t\t<div class=\"elementor-element elementor-element-e1cfe38 elementor-widget elementor-widget-text-editor\" data-id=\"e1cfe38\" data-element_type=\"widget\" data-e-type=\"widget\" data-widget_type=\"text-editor.default\">\n\t\t\t\t<div class=\"elementor-widget-container\">\n\t\t\t\t\t\t\t\t\t<ul><li><span style=\"background-color: var(--ast-global-color-5); color: var(--ast-global-color-3); font-style: inherit;\">HD A (=negatief): je hond is op basis van de r\u00f6ntgenfoto vrij van HD; dit betekent niet dat je hond geen &#8220;drager&#8221; van de afwijking kan zijn.<\/span><\/li><li>HD B\u00a0(=overgangsvorm): op de foto\u2019s zijn kleine veranderingen zichtbaar die het gevolg zijn van heupdysplasie.<\/li><li>HD C\u00a0(=licht positief) of\u00a0HD D\u00a0(=positief): je hond laat duidelijke veranderingen zien die passen in het ziektebeeld van HD.<\/li><li>HD E (=positief in optima forma): de heupgewrichten zijn ernstig misvormd.<\/li><\/ul><p style=\"font-weight: 400;\">De certificaten zijn openbaar en kunnen worden ingezien op de website van<strong>\u00a0<a style=\"text-align: var(--text-align); font-size: 1rem;\" href=\"http:\/\/www.houdenvanhonden.nl\" target=\"_blank\" rel=\"noopener\">houdenvanhonden.nl<\/a>.\u00a0<\/strong><\/p>\t\t\t\t\t\t\t\t<\/div>\n\t\t\t\t<\/div>\n\t\t\t\t<div class=\"elementor-element elementor-element-2b2d5e8 elementor-widget elementor-widget-heading\" data-id=\"2b2d5e8\" data-element_type=\"widget\" data-e-type=\"widget\" data-widget_type=\"heading.default\">\n\t\t\t\t<div class=\"elementor-widget-container\">\n\t\t\t\t\t<h2 class=\"elementor-heading-title elementor-size-default\">DNA testen<\/h2>\t\t\t\t<\/div>\n\t\t\t\t<\/div>\n\t\t\t\t\t<\/div>\n\t\t\t\t<\/div>\n\t\t<div class=\"elementor-element elementor-element-a02ce1e e-flex e-con-boxed e-con e-parent\" data-id=\"a02ce1e\" data-element_type=\"container\" data-e-type=\"container\">\n\t\t\t\t\t<div class=\"e-con-inner\">\n\t\t\t\t<div class=\"elementor-element elementor-element-392d457 elementor-widget elementor-widget-text-editor\" data-id=\"392d457\" data-element_type=\"widget\" data-e-type=\"widget\" data-widget_type=\"text-editor.default\">\n\t\t\t\t<div class=\"elementor-widget-container\">\n\t\t\t\t\t\t\t\t\t<p style=\"font-weight: 400;\">Er komen steeds meer DNA testen beschikbaar die je als fokker bij je hond kunt laten doen. De ontwikkeling DNA-testen geven ons steeds meer informatie over de gezondheid van de hond en wat je hond aan het nageslacht kan meegeven.\u00a0<span style=\"font-style: inherit; font-weight: inherit; text-align: var(--text-align); background-color: var(--ast-global-color-5); color: var(--ast-global-color-3);\">DNA wordt gebruikt om te bepalen of er sprake is van een genetische afwijking bij de hond. Een hond kan vrij, drager of lijder zijn van een genetische afwijking. Een hond die vrij is, heeft de genetische afwijking niet en kan de erfelijke ziekte ook niet krijgen. Met een DNA-test wordt soms een diagnose van een erfelijke ziekte bevestigd, maar belangrijker is dat dragers van de ziekte aangewezen kunnen worden. Door te voorkomen dat dragers met elkaar kruisen hoeven er geen dieren met de ziekte geboren te worden.<br \/><br \/><\/span><\/p><p><strong style=\"font-weight: 400;\">DNA testen zijn voor de Bordercollie niet verplicht! <\/strong>Bij de rasvereniging en de raad van beheer maar dat wil niet zeggen dat het verstandig is om ze dan ook maar niet te laten doen \u00f3f te wachten tot er bij een vari\u00ebteit een erfelijke afwijking vastgesteld wordt die al bij een andere vari\u00ebteit voorkomt. <br \/>Al is het alleen maar om als fokker aan de kopers van je pups te kunnen laten zien dat je je verantwoordelijkheid hebt genomen en zoveel mogelijk hebt gedaan om gezonde pups geboren te laten worden.<\/p><p style=\"font-weight: 400;\">\u00a0<\/p>\t\t\t\t\t\t\t\t<\/div>\n\t\t\t\t<\/div>\n\t\t\t\t\t<\/div>\n\t\t\t\t<\/div>\n\t\t<div class=\"elementor-element elementor-element-3566b66 e-flex e-con-boxed e-con e-parent\" data-id=\"3566b66\" data-element_type=\"container\" data-e-type=\"container\" data-settings=\"{&quot;background_background&quot;:&quot;classic&quot;}\">\n\t\t\t\t\t<div class=\"e-con-inner\">\n\t\t<div class=\"elementor-element elementor-element-6fc17c94 e-flex e-con-boxed e-con e-child\" data-id=\"6fc17c94\" data-element_type=\"container\" data-e-type=\"container\">\n\t\t\t\t\t<div class=\"e-con-inner\">\n\t\t\t\t<div class=\"elementor-element elementor-element-466d2986 elementor-widget elementor-widget-image\" data-id=\"466d2986\" data-element_type=\"widget\" data-e-type=\"widget\" data-widget_type=\"image.default\">\n\t\t\t\t<div class=\"elementor-widget-container\">\n\t\t\t\t\t\t\t\t\t\t\t\t\t\t\t<img decoding=\"async\" src=\"https:\/\/bordercolliepagina.nl\/wp-content\/uploads\/2021\/11\/quotes.svg\" class=\"attachment-full size-full wp-image-117\" alt=\"\" \/>\t\t\t\t\t\t\t\t\t\t\t\t\t\t\t<\/div>\n\t\t\t\t<\/div>\n\t\t\t\t<div class=\"elementor-element elementor-element-7b82c1c6 elementor-widget elementor-widget-heading\" data-id=\"7b82c1c6\" data-element_type=\"widget\" data-e-type=\"widget\" data-widget_type=\"heading.default\">\n\t\t\t\t<div class=\"elementor-widget-container\">\n\t\t\t\t\t<h4 class=\"elementor-heading-title elementor-size-default\">\u201c\"Gezondheidschecks bij een hond zijn als een spiegel die de ware welzijnsreflectie onthult. Door regelmatig te kijken, ontdekken we niet alleen de oppervlakte van hun gezondheid, maar onthullen we de diepgaande vitaliteit die hen stralend en vol levensvreugde houdt.\"<\/h4>\t\t\t\t<\/div>\n\t\t\t\t<\/div>\n\t\t\t\t\t<\/div>\n\t\t\t\t<\/div>\n\t\t\t\t\t<\/div>\n\t\t\t\t<\/div>\n\t\t<div class=\"elementor-element elementor-element-58646b6 e-flex e-con-boxed e-con e-parent\" data-id=\"58646b6\" data-element_type=\"container\" data-e-type=\"container\">\n\t\t\t\t\t<div class=\"e-con-inner\">\n\t\t\t\t<div class=\"elementor-element elementor-element-d08d671 elementor-widget elementor-widget-image\" data-id=\"d08d671\" data-element_type=\"widget\" data-e-type=\"widget\" data-widget_type=\"image.default\">\n\t\t\t\t<div class=\"elementor-widget-container\">\n\t\t\t\t\t\t\t\t\t\t\t\t\t\t\t<img decoding=\"async\" width=\"1024\" height=\"768\" src=\"https:\/\/bordercolliepagina.nl\/wp-content\/uploads\/2024\/01\/25-06-2006-140-1024x768.jpg\" class=\"attachment-large size-large wp-image-3055\" alt=\"\" srcset=\"https:\/\/bordercolliepagina.nl\/wp-content\/uploads\/2024\/01\/25-06-2006-140-1024x768.jpg 1024w, https:\/\/bordercolliepagina.nl\/wp-content\/uploads\/2024\/01\/25-06-2006-140-300x225.jpg 300w, https:\/\/bordercolliepagina.nl\/wp-content\/uploads\/2024\/01\/25-06-2006-140-768x576.jpg 768w, https:\/\/bordercolliepagina.nl\/wp-content\/uploads\/2024\/01\/25-06-2006-140-1536x1152.jpg 1536w, https:\/\/bordercolliepagina.nl\/wp-content\/uploads\/2024\/01\/25-06-2006-140-2048x1536.jpg 2048w\" sizes=\"(max-width: 1024px) 100vw, 1024px\" \/>\t\t\t\t\t\t\t\t\t\t\t\t\t\t\t<\/div>\n\t\t\t\t<\/div>\n\t\t\t\t\t<\/div>\n\t\t\t\t<\/div>\n\t\t<div class=\"elementor-element elementor-element-6d9432ea e-flex e-con-boxed e-con e-parent\" data-id=\"6d9432ea\" data-element_type=\"container\" data-e-type=\"container\">\n\t\t\t\t\t<div class=\"e-con-inner\">\n\t\t\t\t<div class=\"elementor-element elementor-element-5672672c elementor-widget elementor-widget-heading\" data-id=\"5672672c\" data-element_type=\"widget\" data-e-type=\"widget\" data-widget_type=\"heading.default\">\n\t\t\t\t<div class=\"elementor-widget-container\">\n\t\t\t\t\t<h2 class=\"elementor-heading-title elementor-size-default\">Neem contact op<\/h2>\t\t\t\t<\/div>\n\t\t\t\t<\/div>\n\t\t\t\t\t<\/div>\n\t\t\t\t<\/div>\n\t\t<div class=\"elementor-element elementor-element-46958d63 e-flex e-con-boxed e-con e-parent\" data-id=\"46958d63\" data-element_type=\"container\" data-e-type=\"container\">\n\t\t\t\t\t<div class=\"e-con-inner\">\n\t\t<div class=\"elementor-element elementor-element-4f1a36b e-con-full e-flex e-con e-child\" data-id=\"4f1a36b\" data-element_type=\"container\" data-e-type=\"container\">\n\t\t\t\t<div class=\"elementor-element elementor-element-681d477c elementor-view-default elementor-widget elementor-widget-icon\" data-id=\"681d477c\" data-element_type=\"widget\" data-e-type=\"widget\" data-widget_type=\"icon.default\">\n\t\t\t\t<div class=\"elementor-widget-container\">\n\t\t\t\t\t\t\t<div class=\"elementor-icon-wrapper\">\n\t\t\t<div class=\"elementor-icon\">\n\t\t\t<i aria-hidden=\"true\" class=\"fas fa-map-marker-alt\"><\/i>\t\t\t<\/div>\n\t\t<\/div>\n\t\t\t\t\t\t<\/div>\n\t\t\t\t<\/div>\n\t\t<div class=\"elementor-element elementor-element-4c05acd7 e-con-full e-flex e-con e-child\" data-id=\"4c05acd7\" data-element_type=\"container\" data-e-type=\"container\">\n\t\t\t\t<div class=\"elementor-element elementor-element-2a77ce8d elementor-widget elementor-widget-text-editor\" data-id=\"2a77ce8d\" data-element_type=\"widget\" data-e-type=\"widget\" data-widget_type=\"text-editor.default\">\n\t\t\t\t<div class=\"elementor-widget-container\">\n\t\t\t\t\t\t\t\t\t<p>Witterweg 56<\/p><p>9405 VL Assen<\/p>\t\t\t\t\t\t\t\t<\/div>\n\t\t\t\t<\/div>\n\t\t\t\t<\/div>\n\t\t\t\t<\/div>\n\t\t<div class=\"elementor-element elementor-element-60c30cd5 e-con-full e-flex e-con e-child\" data-id=\"60c30cd5\" data-element_type=\"container\" data-e-type=\"container\">\n\t\t\t\t<div class=\"elementor-element elementor-element-2d0fbace elementor-view-default elementor-widget elementor-widget-icon\" data-id=\"2d0fbace\" data-element_type=\"widget\" data-e-type=\"widget\" data-widget_type=\"icon.default\">\n\t\t\t\t<div class=\"elementor-widget-container\">\n\t\t\t\t\t\t\t<div class=\"elementor-icon-wrapper\">\n\t\t\t<div class=\"elementor-icon\">\n\t\t\t<i aria-hidden=\"true\" class=\"fas fa-phone-volume\"><\/i>\t\t\t<\/div>\n\t\t<\/div>\n\t\t\t\t\t\t<\/div>\n\t\t\t\t<\/div>\n\t\t\t\t<div class=\"elementor-element elementor-element-317b0fe1 elementor-widget elementor-widget-text-editor\" data-id=\"317b0fe1\" data-element_type=\"widget\" data-e-type=\"widget\" data-widget_type=\"text-editor.default\">\n\t\t\t\t<div class=\"elementor-widget-container\">\n\t\t\t\t\t\t\t\t\t<p><span style=\"font-style: inherit; font-weight: inherit; color: var( --e-global-color-astglobalcolor2 ); background-color: var(--ast-global-color-5);\">Mobiele nummer<\/span><br><\/p><p>+31 6 573 279 66<\/p>\t\t\t\t\t\t\t\t<\/div>\n\t\t\t\t<\/div>\n\t\t\t\t<\/div>\n\t\t\t\t\t<\/div>\n\t\t\t\t<\/div>\n\t\t\t\t<\/div>\n\t\t","protected":false},"excerpt":{"rendered":"<p>Gezondheidsonderzoeken Preventieve Gezondheidsonderzoeken Het ECVO-oogonderzoek is een waardevol instrument om de ooggezondheid van honden te bewaken. Door regelmatig dit onderzoek uit te voeren, kunnen fokkers en eigenaren bijdragen aan het behoud van de visuele kwaliteit van hun viervoetige metgezellen. Het biedt inzicht, geruststelling en de mogelijkheid om preventief te handelen, waardoor de ogen de spiegels [&hellip;]<\/p>\n","protected":false},"author":1,"featured_media":0,"parent":0,"menu_order":0,"comment_status":"closed","ping_status":"closed","template":"","meta":{"site-sidebar-layout":"no-sidebar","site-content-layout":"page-builder","ast-site-content-layout":"full-width-container","site-content-style":"unboxed","site-sidebar-style":"unboxed","ast-global-header-display":"","ast-banner-title-visibility":"","ast-main-header-display":"","ast-hfb-above-header-display":"","ast-hfb-below-header-display":"","ast-hfb-mobile-header-display":"","site-post-title":"disabled","ast-breadcrumbs-content":"","ast-featured-img":"disabled","footer-sml-layout":"","ast-disable-related-posts":"","theme-transparent-header-meta":"","adv-header-id-meta":"","stick-header-meta":"","header-above-stick-meta":"","header-main-stick-meta":"","header-below-stick-meta":"","astra-migrate-meta-layouts":"set","ast-page-background-enabled":"default","ast-page-background-meta":{"desktop":{"background-color":"var(--ast-global-color-4)","background-image":"","background-repeat":"repeat","background-position":"center center","background-size":"auto","background-attachment":"scroll","background-type":"","background-media":"","overlay-type":"","overlay-color":"","overlay-opacity":"","overlay-gradient":""},"tablet":{"background-color":"","background-image":"","background-repeat":"repeat","background-position":"center center","background-size":"auto","background-attachment":"scroll","background-type":"","background-media":"","overlay-type":"","overlay-color":"","overlay-opacity":"","overlay-gradient":""},"mobile":{"background-color":"","background-image":"","background-repeat":"repeat","background-position":"center center","background-size":"auto","background-attachment":"scroll","background-type":"","background-media":"","overlay-type":"","overlay-color":"","overlay-opacity":"","overlay-gradient":""}},"ast-content-background-meta":{"desktop":{"background-color":"var(--ast-global-color-5)","background-image":"","background-repeat":"repeat","background-position":"center center","background-size":"auto","background-attachment":"scroll","background-type":"","background-media":"","overlay-type":"","overlay-color":"","overlay-opacity":"","overlay-gradient":""},"tablet":{"background-color":"var(--ast-global-color-5)","background-image":"","background-repeat":"repeat","background-position":"center center","background-size":"auto","background-attachment":"scroll","background-type":"","background-media":"","overlay-type":"","overlay-color":"","overlay-opacity":"","overlay-gradient":""},"mobile":{"background-color":"var(--ast-global-color-5)","background-image":"","background-repeat":"repeat","background-position":"center center","background-size":"auto","background-attachment":"scroll","background-type":"","background-media":"","overlay-type":"","overlay-color":"","overlay-opacity":"","overlay-gradient":""}},"footnotes":""},"class_list":["post-1390","page","type-page","status-publish","hentry"],"jetpack_sharing_enabled":true,"_links":{"self":[{"href":"https:\/\/vh2014zjvas-2.hosting-space.nl\/index.php?rest_route=\/wp\/v2\/pages\/1390","targetHints":{"allow":["GET"]}}],"collection":[{"href":"https:\/\/vh2014zjvas-2.hosting-space.nl\/index.php?rest_route=\/wp\/v2\/pages"}],"about":[{"href":"https:\/\/vh2014zjvas-2.hosting-space.nl\/index.php?rest_route=\/wp\/v2\/types\/page"}],"author":[{"embeddable":true,"href":"https:\/\/vh2014zjvas-2.hosting-space.nl\/index.php?rest_route=\/wp\/v2\/users\/1"}],"replies":[{"embeddable":true,"href":"https:\/\/vh2014zjvas-2.hosting-space.nl\/index.php?rest_route=%2Fwp%2Fv2%2Fcomments&post=1390"}],"version-history":[{"count":95,"href":"https:\/\/vh2014zjvas-2.hosting-space.nl\/index.php?rest_route=\/wp\/v2\/pages\/1390\/revisions"}],"predecessor-version":[{"id":5973,"href":"https:\/\/vh2014zjvas-2.hosting-space.nl\/index.php?rest_route=\/wp\/v2\/pages\/1390\/revisions\/5973"}],"wp:attachment":[{"href":"https:\/\/vh2014zjvas-2.hosting-space.nl\/index.php?rest_route=%2Fwp%2Fv2%2Fmedia&parent=1390"}],"curies":[{"name":"wp","href":"https:\/\/api.w.org\/{rel}","templated":true}]}}